it of (-1 - 69/(-5))*405/9?
7
Let v(b) = 3*b**2 - 3*b + 1. What is the tens digit of v(-3)?
3
Suppose 5516 = 3*a - 2*z + 878, -2*a = 5*z - 3092. What is the hundreds digit of a?
5
Let w = -2 - -21. Let j = w - 25. Let c = j - -28. What is the tens digit of c?
2
Let r = 478 - 46. What is the tens digit of r?
3
Let m = 25 + -23. Suppose h - 472 = -7*g + 2*g, 187 = m*g + h. What is the units digit of g?
5
Suppose 3*p - 3604 = -5*f, 4*f - 3*f + 4*p - 714 = 0. What is the hundreds digit of f?
7
Let d(s) = -9*s - 15. Suppose 0 = -5*q - 43 - 7. What is the tens digit of d(q)?
7
Suppose -146528 - 46676 = -44*y. What is the hundreds digit of y?
3
Let t(n) = 273*n**2 + 12*n - 20. What is the tens digit of t(2)?
9
Let m(s) = -s - 6. Let z be m(-4). Let f = -4 + z. Let h(d) = -7*d - 8. What is the tens digit of h(f)?
3
Suppose -z - 2*z - 81 = 0. Let f = -10 - z. What is the tens digit of f?
1
Let a(b) = -b + 411. What is the tens digit of a(66)?
4
Let j(g) = -5*g + 20. Suppose 0 = -5*f + 4*w - 59, 0 = 5*f - 2*w + 48 + 9. What is the tens digit of j(f)?
7
Let m(i) = 7*i + 30. Let r be m(-4). Suppose 0 = -2*n - 2*a + 7*a + 535, -r*n - 4*a = -508. What is the tens digit of n?
6
Suppose 0 = -u + 350 + 181. Suppose -11*a - u = -14*a. What is the tens digit of a?
7
Suppose -8 = -c + w, -4*w - 10 = -5*c - 5*w. What is the tens digit of ((-93)/(-2))/c*2?
3
Let a = -12 - -20. Suppose -13*g + a = -9*g. Suppose 0 = g*n - 0*n - 56. What is the units digit of n?
8
Suppose -32*y - 864 = -36*y. What is the units digit of y?
6
Let w be 9930/40 - (-1)/(-4). Let d = w - 15. What is the hundreds digit of d?
2
Let g(l) be the second derivative of 131*l**5/10 - l**4/6 + l**3/6 + 18*l - 2. What is the hundreds digit of g(1)?
2
Let v(f) = 131*f**3 + f**2 + 9. What is the thousands digit of v(2)?
1
Let t be ((-35)/10)/(1/(-22)). Suppose -5*p = 3*h - 27, -p - 71 + 12 = -4*h. Suppose t = x + h. What is the tens digit of x?
6
Let w = 723 + -5. What is the hundreds digit of w?
7
Let d = 234 - -1854. What is the units digit of d?
8
Suppose 27*z = 28*z - 459. What is the tens digit of z?
5
Let t = 1575 + -1044. Suppose 3*s - 5*g - t = -50, -g = 3*s - 469. What is the tens digit of s?
5
Suppose -u + 6 = 5. Suppose p + u = 11. What is the tens digit of p?
1
Let c = 66 + -64. Suppose 4*f = 4*h - 256, 2*h - 2*f = -c*h + 246. What is the tens digit of h?
5
Let b(w) = -2*w**2 + 5*w + 5. Let f be b(-3). Suppose -36 = -2*c - 2. Let g = c - f. What is the units digit of g?
5
Suppose l = 0, 6*l + 1636 = 2*g + 3*l. What is the units digit of g?
8
Let l(m) = -2*m**3 - 42*m**2 + 32*m + 49. What is the hundreds digit of l(-22)?
3
Let b = -3279 + 5978. What is the hundreds digit of b?
6
Suppose 4*n = 5*t - 4872, -966 = -t + 7*n - 2*n. What is the hundreds digit of t?
9
Let c(v) = -191*v + 1. Let g be c(-1). Suppose -2*u - 2*y + g = 3*u, 0 = u - 5*y - 60. What is the units digit of u?
0
Suppose 6*n - 46*n + 64080 = 0. What is the tens digit of n?
0
Suppose 5*g - 25 = 0, 2*u - 2*g = -0*u + 398. What is the tens digit of u?
0
Suppose -3*r - y = -5988, -4*y = 2*r - 5*y - 3992. What is the units digit of r?
6
Suppose 0 = 5*z + b - 140, 2*z - z + 4*b - 47 = 0. Let m = 40 - z. Let l = m + -12. What is the units digit of l?
1
Let t(d) be the third derivative of d**6/120 - 9*d**5/20 + d**4/8 - d**3/6 + 39*d**2. What is the tens digit of t(27)?
8
Let r be (21/6)/((-5)/(-10)). Suppose -r*y + 2*y = -340. What is the tens digit of y?
6
Let y be ((-5)/(-5))/((-1)/4). Let f = 92 + y. What is the units digit of f?
8
What is the hundreds digit of ((-1788)/(-6))/(4/(-10)*-5)?
1
Let r be 2 + (-4 - -5)*3. Suppose 2*v + c = 216, c - 553 = -5*v + r*c. What is the tens digit of v?
0
Let c be (-1)/(((-2)/1)/716). Let q = 193 - c. Let o = 231 + q. What is the units digit of o?
6
What is the hundreds digit of (5033/35 - 1)/((-3)/(-15))?
7
Let j(a) = 2*a**3 + 8*a**2 + 42*a - 11. What is the hundreds digit of j(10)?
2
Suppose -4*x + 2*v + 2152 = -v, 3*v = -2*x + 1094. What is the hundreds digit of x?
5
Suppose 4*n = 3*f + 126 + 41, -f = -n + 41. Suppose -6*c + 8*c - n = 0. What is the units digit of c?
2
Let n(w) = w**2 - 4*w - 1. Let s be n(6). Suppose 5*q = -2*k + 20, 3*k + s + 9 = 5*q. Suppose k = 4*c - 139 + 47. What is the tens digit of c?
2
Suppose 0 = 720*u - 721*u + 418. What is the units digit of u?
8
Let q(d) = 6*d + 19. Let v be q(-14). Let r = v - -180. What is the units digit of r?
5
Suppose -17508 = 52*y - 64*y. What is the hundreds digit of y?
4
Let i(r) = -r**3 + 12*r**2 - 14*r + 7. Suppose 0 = -4*q + 4, 0*q = 3*b + 3*q - 36. Let d be i(b). Let o = d + 39. What is the units digit of o?
3
Suppose -18 + 20 = k, 3*z = k + 406. What is the units digit of z?
6
Suppose 0 = w - 2*a + 3*a - 51, 3*w - 159 = -a. Let k = 139 - w. What is the units digit of k?
5
Let f be (-39)/33 + 1 - 3368/(-11). Suppose 0 = -3*a + f + 120. What is the tens digit of a?
4
What is the thousands digit of 2*((-54048)/(-88) + 4/(-22))?
1
Suppose 0 = f - 4*f + 9. Suppose 0 = f*d - 77 - 97. What is the tens digit of d?
5
Suppose 0 = 3*x + 5*n - 0*n - 12, -2 = -4*x - 2*n. Let s be x - 1*(-3 - 2). What is the units digit of (84 + s)/2 - 1?
3
Suppose -d + 2*c + 2101 = 0, -3*d - 2*c + 12606 = 3*d. What is the hundreds digit of d?
1
Let g be (105/60)/((-2)/(-8)). Suppose -6*x - g + 85 = 0. What is the tens digit of x?
1
What is the units digit of (-7730)/(-30) - ((-4)/(-3))/2?
7
Suppose 16*r + 1110 = y + 13*r, 4*r = -5*y + 5531. What is the tens digit of y?
0
Suppose 12105 = 9*r - 2970. What is the thousands digit of r?
1
Suppose -4*h = -4*j + 6 - 2, 4*h - 14 = -5*j. Suppose -4*b = 5*v - 28, -j*v - b - 14 = -6*v. What is the tens digit of -3 + 11 + v/2?
1
Suppose 0 = 6*q - 43*q + 80327. What is the tens digit of q?
7
Suppose 3*w - 437 - 529 = 0. What is the tens digit of w?
2
Suppose -6 = -x - 1. Suppose -w = -4*y + 15, 0 = w + 2*w - 2*y - x. Suppose 0 = -4*h + w*h - 26. What is the units digit of h?
6
Let s = 999 + 1551. What is the hundreds digit of s?
5
Suppose 8*q - 4 = 7*q. Suppose -t + q*c = 25, 0*t + t - 5*c + 26 = 0. What is the tens digit of (-498)/t + (-2)/(-7)?
2
Let d(f) = f**2 + f + 11. Let j be d(-7). Let y = 85 - j. What is the units digit of y?
2
Let t = 289 + 250. What is the hundreds digit of t?
5
Let q(u) = -u**3 - 3*u**2 + 3*u - 2. Let b be q(-4). Suppose 121 - 61 = b*x. What is the units digit of x?
0
Suppose -8 = -3*b - 20. Let m be (-98)/(-16) + b/32. What is the tens digit of 153/m + (-3)/6?
2
Let y(r) = 2*r**2 - 4*r + 3. Let p be y(2). Let d be (5 + -11)/(p/(-16)). What is the tens digit of (d/(-8))/(4/(-14))?
1
Let q(v) = 4*v**2 + 8*v - 2. Suppose r + 3*r = -16. What is the units digit of q(r)?
0
Let r = -86 - -393. Suppose 2*o - 201 = 3*x, 7*o - r = 4*o - x. What is the tens digit of o?
0
What is the hundreds digit of 3*(-16)/72 + 8410/6?
4
Suppose 0 = -9*s - 10*s + 608. Let n be ((-69)/9)/((-1)/3). Let z = s - n. What is the units digit of z?
9
Let i(a) = a + 3. Let s be i(3). Let q(z) = z - 14*z**2 + 16*z**2 - z - 8*z - 5. What is the tens digit of q(s)?
1
Suppose -182*m - 120 = -187*m. What is the units digit of m?
4
Let y(l) = 15*l + 2*l**2 - 12*l - 4*l**2 + l**3 - 6 + 3*l**2. Let f be y(3). Let a = 80 - f. What is the tens digit of a?
4
Let w = -304 - -1024. What is the units digit of w?
0
Let z = -19 - -29. Suppose b - 2*b = -z. What is the tens digit of b?
1
Suppose 2*i = -16*i + 2250. What is the hundreds digit of i?
1
Suppose -3138 = -5*c - 3. What is the hundreds digit of c?
6
Suppose 1704 = -14*z + 17*z. What is the units digit of z?
8
Let j be (-5 + 6)/(3/6). Suppose 18 = 4*t + t - 4*o, 3*o + 2 = -j*t. Suppose 2*i + 22 = 2*q + 4*i, 5*i = -t*q + 31. What is the units digit of q?
8
Suppose 0 = -n + 2*n - 11. Suppose -5*f = -4*u + 13, -4*f = 2*u - n - 15. Suppose u*g = 2*g + 180. What is the tens digit of g?
3
Suppose 2*f + 59 = -f - 5*m, 5*f + 93 = -3*m. Let v = f - -26. Let d = 22 - v. What is the units digit of d?
4
Let h(n) = n**3 - 21*n**2 - 13*n + 77. What is the hundreds digit of h(23)?
8
What is the thousands digit of (-117186)/(-36) + 5/(180/(-6))?
3
Let p(q) = 2*q + 12. Let y be p(-4). Suppose -a + y = 0, -2*u + 0*a + 276 = -4*a. What is the hundreds digit of u?
1
Suppose -9*z = -20*z + 35002. What i